{"id":55,"date":"2022-03-08T18:08:39","date_gmt":"2022-03-08T17:08:39","guid":{"rendered":"https:\/\/stolen.berthilson.se\/?page_id=55"},"modified":"2022-03-08T18:16:03","modified_gmt":"2022-03-08T17:16:03","slug":"showroom","status":"publish","type":"page","link":"https:\/\/stolen.berthilson.se\/index.php\/showroom\/","title":{"rendered":"Showroom"},"content":{"rendered":"<div class='flex_column av-1ldxr-ba564dd20c6cda659ab6a7d2c54b2069 av_one_half  avia-builder-el-0  el_before_av_one_half  avia-builder-el-first  first flex_column_div '   ><p>\n<style type=\"text\/css\" data-created_by=\"avia_inline_auto\" id=\"style-css-av-l0ie4vrw-592fad27d89fdeeebe63a7f109d32be5\">\n#top .av-special-heading.av-l0ie4vrw-592fad27d89fdeeebe63a7f109d32be5{\npadding-bottom:10px;\n}\nbody .av-special-heading.av-l0ie4vrw-592fad27d89fdeeebe63a7f109d32be5 .av-special-heading-tag .heading-char{\nfont-size:25px;\n}\n.av-special-heading.av-l0ie4vrw-592fad27d89fdeeebe63a7f109d32be5 .av-subheading{\nfont-size:15px;\n}\n<\/style>\n<div  class='av-special-heading av-l0ie4vrw-592fad27d89fdeeebe63a7f109d32be5 av-special-heading-h1 blockquote classic-quote classic-quote-left  avia-builder-el-1  el_before_av_textblock  avia-builder-el-first '><h1 class='av-special-heading-tag'  itemprop=\"headline\"  >Showroom<\/h1><div class='av-subheading av-subheading_below'><p>utanf\u00f6r Mariefred i \u00c5kerstyckebruk<\/p>\n<\/div><div class=\"special-heading-border\"><div class=\"special-heading-inner-border\"><\/div><\/div><\/div><br \/>\n<section  class='av_textblock_section av-l0ie6ypw-c7891280ac2e0ff4a55eb183afeb0d57'  itemscope=\"itemscope\" itemtype=\"https:\/\/schema.org\/CreativeWork\" ><div class='avia_textblock'  itemprop=\"text\" ><p>Stolen.nu 1700-t i nutid AB har kunder i hela landet och \u00f6ver hela v\u00e4rlden.<\/p>\n<p>V\u00e4lkommen till v\u00e5rt showroom utanf\u00f6r Mariefred i \u00c5kerstyckebruk. \u00d6ppettider: N\u00e4r det passar v\u00e5ra kunder, boka g\u00e4rna en tid s\u00e5 att vi \u00e4r p\u00e5 plats.<\/p>\n<h3>Boel Ahlberg<\/h3>\n<p>Tel: 070-557 04 47<br \/>\nboel.ahlberg@stolen.nu<\/p>\n<\/div><\/section><\/p><\/div><div class='flex_column av-3o2b-e4bfda0e86d2c0c5a401d7b041921762 av_one_half  avia-builder-el-3  el_after_av_one_half  avia-builder-el-last  flex_column_div '   ><style type=\"text\/css\" data-created_by=\"avia_inline_auto\" id=\"style-css-av-l0ie3vyk-857729cd71687906cdf4db2a51296dd6\">\n.avia-image-container.av-l0ie3vyk-857729cd71687906cdf4db2a51296dd6 .av-image-caption-overlay-center{\ncolor:#ffffff;\n}\n<\/style>\n<div  class='avia-image-container av-l0ie3vyk-857729cd71687906cdf4db2a51296dd6 av-styling- avia_animated_image avia_animate_when_almost_visible right-to-left avia-align-center  avia-builder-el-4  avia-builder-el-no-sibling '  itemprop=\"image\" itemscope=\"itemscope\" itemtype=\"https:\/\/schema.org\/ImageObject\" ><div class=\"avia-image-container-inner\"><div class=\"avia-image-overlay-wrap\"><img decoding=\"async\" class='wp-image-57 avia-img-lazy-loading-not-57 avia_image' src=\"https:\/\/stolen.berthilson.se\/wp-content\/uploads\/2022\/03\/showroom.jpeg\" alt='' title='showroom'  height=\"1330\" width=\"1263\"  itemprop=\"thumbnailUrl\" srcset=\"https:\/\/stolen.berthilson.se\/wp-content\/uploads\/2022\/03\/showroom.jpeg 1263w, https:\/\/stolen.berthilson.se\/wp-content\/uploads\/2022\/03\/showroom-285x300.jpeg 285w, https:\/\/stolen.berthilson.se\/wp-content\/uploads\/2022\/03\/showroom-978x1030.jpeg 978w, https:\/\/stolen.berthilson.se\/wp-content\/uploads\/2022\/03\/showroom-768x809.jpeg 768w, https:\/\/stolen.berthilson.se\/wp-content\/uploads\/2022\/03\/showroom-669x705.jpeg 669w\" sizes=\"(max-width: 1263px) 100vw, 1263px\" \/><\/div><\/div><\/div><\/div><\/p>\n","protected":false},"excerpt":{"rendered":"","protected":false},"author":1,"featured_media":0,"parent":0,"menu_order":0,"comment_status":"closed","ping_status":"closed","template":"","meta":{"footnotes":""},"class_list":["post-55","page","type-page","status-publish","hentry"],"_links":{"self":[{"href":"https:\/\/stolen.berthilson.se\/index.php\/wp-json\/wp\/v2\/pages\/55","targetHints":{"allow":["GET"]}}],"collection":[{"href":"https:\/\/stolen.berthilson.se\/index.php\/wp-json\/wp\/v2\/pages"}],"about":[{"href":"https:\/\/stolen.berthilson.se\/index.php\/wp-json\/wp\/v2\/types\/page"}],"author":[{"embeddable":true,"href":"https:\/\/stolen.berthilson.se\/index.php\/wp-json\/wp\/v2\/users\/1"}],"replies":[{"embeddable":true,"href":"https:\/\/stolen.berthilson.se\/index.php\/wp-json\/wp\/v2\/comments?post=55"}],"version-history":[{"count":5,"href":"https:\/\/stolen.berthilson.se\/index.php\/wp-json\/wp\/v2\/pages\/55\/revisions"}],"predecessor-version":[{"id":61,"href":"https:\/\/stolen.berthilson.se\/index.php\/wp-json\/wp\/v2\/pages\/55\/revisions\/61"}],"wp:attachment":[{"href":"https:\/\/stolen.berthilson.se\/index.php\/wp-json\/wp\/v2\/media?parent=55"}],"curies":[{"name":"wp","href":"https:\/\/api.w.org\/{rel}","templated":true}]}}