{"id":2,"date":"2022-03-01T17:05:21","date_gmt":"2022-03-01T16:05:21","guid":{"rendered":"https:\/\/stolen.berthilson.se\/?page_id=2"},"modified":"2022-03-24T13:28:56","modified_gmt":"2022-03-24T12:28:56","slug":"exempelsida","status":"publish","type":"page","link":"https:\/\/stolen.berthilson.se\/","title":{"rendered":"Exempelsida"},"content":{"rendered":"\n<style type=\"text\/css\" data-created_by=\"avia_inline_auto\" id=\"style-css-av-l0idctti-a51307d3c71c3bc0470022fff4a27a2b\">\n#top .hr.hr-invisible.av-l0idctti-a51307d3c71c3bc0470022fff4a27a2b{\nheight:50px;\n}\n<\/style>\n<div  class='hr av-l0idctti-a51307d3c71c3bc0470022fff4a27a2b hr-invisible  avia-builder-el-0  el_before_av_heading  avia-builder-el-first '><span class='hr-inner '><span class=\"hr-inner-style\"><\/span><\/span><\/div>\n\n<style type=\"text\/css\" data-created_by=\"avia_inline_auto\" id=\"style-css-av-l0idbc4d-ccf2f0720187742e06e141bbe467fc2f\">\n#top .av-special-heading.av-l0idbc4d-ccf2f0720187742e06e141bbe467fc2f{\npadding-bottom:10px;\n}\nbody .av-special-heading.av-l0idbc4d-ccf2f0720187742e06e141bbe467fc2f .av-special-heading-tag .heading-char{\nfont-size:25px;\n}\n.av-special-heading.av-l0idbc4d-ccf2f0720187742e06e141bbe467fc2f .av-subheading{\nfont-size:15px;\n}\n<\/style>\n<div  class='av-special-heading av-l0idbc4d-ccf2f0720187742e06e141bbe467fc2f av-special-heading-h1 blockquote classic-quote  avia-builder-el-1  el_after_av_hr  el_before_av_textblock '><h1 class='av-special-heading-tag'  itemprop=\"headline\"  >Gustavianska m\u00f6bler<\/h1><div class='av-subheading av-subheading_below'><p>Svensktillverkade m\u00f6bler i klassisk stil<\/p>\n<\/div><div class=\"special-heading-border\"><div class=\"special-heading-inner-border\"><\/div><\/div><\/div>\n<section  class='av_textblock_section av-3w0c-37a60252ff7cf353e0421e3fa89d1ed7'  itemscope=\"itemscope\" itemtype=\"https:\/\/schema.org\/CreativeWork\" ><div class='avia_textblock'  itemprop=\"text\" ><p align=\"center\">V\u00e5r utg\u00e5ngspunkt \u00e4r h\u00f6g kvalitet och h\u00e5llbarhet. M\u00f6blerna har de r\u00e4tta proportionerna enligt svensk tradition och fungerar<br \/>\nutm\u00e4rkt i dagligt bruk f\u00f6r alla milj\u00f6er.<\/p>\n<p align=\"center\">L\u00e5t oss ber\u00e4tta mer! Best\u00e4ll v\u00e5r katalog med priser och bilder.<br \/>\nS\u00e4nd ett email till info@stolen.nu<\/p>\n<\/div><\/section>\n\n<style type=\"text\/css\" data-created_by=\"avia_inline_auto\" id=\"style-css-av-2xno-d0b2db429e02692b39d5190d2ef00f83\">\n#top .hr.hr-invisible.av-2xno-d0b2db429e02692b39d5190d2ef00f83{\nheight:50px;\n}\n<\/style>\n<div  class='hr av-2xno-d0b2db429e02692b39d5190d2ef00f83 hr-invisible  avia-builder-el-3  el_after_av_textblock  el_before_av_section  avia-builder-el-last '><span class='hr-inner '><span class=\"hr-inner-style\"><\/span><\/span><\/div>\n<\/div><\/div><\/div><!-- close content main div --><\/div><\/div>\n<style type=\"text\/css\" data-created_by=\"avia_inline_auto\" id=\"style-css-av-l08e3qmt-8abb7e40e59c6642f437afce3d56c1b1\">\n.avia-section.av-l08e3qmt-8abb7e40e59c6642f437afce3d56c1b1 .av-parallax .av-parallax-inner{\nbackground-repeat:no-repeat;\nbackground-image:url(https:\/\/stolen.berthilson.se\/wp-content\/uploads\/2022\/03\/sandbacksgard-scaled.jpg);\nbackground-position:50% 100%;\nbackground-attachment:scroll;\n}\n<\/style>\n<div id='av_section_1'  class='avia-section av-l08e3qmt-8abb7e40e59c6642f437afce3d56c1b1 main_color avia-section-default avia-no-border-styling  avia-builder-el-4  el_after_av_hr  avia-builder-el-last  av-parallax-section avia-bg-style-parallax av-minimum-height av-minimum-height-75  container_wrap sidebar_right'  data-section-bg-repeat='no-repeat' data-av_minimum_height_pc='75'><div class='av-parallax' data-avia-parallax-ratio='0.3' ><div class='av-parallax-inner main_color avia-full-stretch'><\/div><\/div><div class='container av-section-cont-open' ><div class='template-page content  av-content-small alpha units'><div class='post-entry post-entry-type-page post-entry-2'><div class='entry-content-wrapper clearfix'><\/div><\/div><\/div><!-- close content main div --><\/div><\/div><div id='after_section_1'  class='main_color av_default_container_wrap container_wrap sidebar_right'  ><div class='container av-section-cont-open' ><div class='template-page content  av-content-small alpha units'><div class='post-entry post-entry-type-page post-entry-2'><div class='entry-content-wrapper clearfix'>\n","protected":false},"excerpt":{"rendered":"","protected":false},"author":1,"featured_media":0,"parent":0,"menu_order":0,"comment_status":"closed","ping_status":"open","template":"","meta":{"footnotes":""},"class_list":["post-2","page","type-page","status-publish","hentry"],"_links":{"self":[{"href":"https:\/\/stolen.berthilson.se\/index.php\/wp-json\/wp\/v2\/pages\/2","targetHints":{"allow":["GET"]}}],"collection":[{"href":"https:\/\/stolen.berthilson.se\/index.php\/wp-json\/wp\/v2\/pages"}],"about":[{"href":"https:\/\/stolen.berthilson.se\/index.php\/wp-json\/wp\/v2\/types\/page"}],"author":[{"embeddable":true,"href":"https:\/\/stolen.berthilson.se\/index.php\/wp-json\/wp\/v2\/users\/1"}],"replies":[{"embeddable":true,"href":"https:\/\/stolen.berthilson.se\/index.php\/wp-json\/wp\/v2\/comments?post=2"}],"version-history":[{"count":13,"href":"https:\/\/stolen.berthilson.se\/index.php\/wp-json\/wp\/v2\/pages\/2\/revisions"}],"predecessor-version":[{"id":85,"href":"https:\/\/stolen.berthilson.se\/index.php\/wp-json\/wp\/v2\/pages\/2\/revisions\/85"}],"wp:attachment":[{"href":"https:\/\/stolen.berthilson.se\/index.php\/wp-json\/wp\/v2\/media?parent=2"}],"curies":[{"name":"wp","href":"https:\/\/api.w.org\/{rel}","templated":true}]}}