{"id":104,"date":"2022-04-03T15:02:39","date_gmt":"2022-04-03T13:02:39","guid":{"rendered":"https:\/\/stolen.berthilson.se\/?page_id=104"},"modified":"2022-04-03T16:23:02","modified_gmt":"2022-04-03T14:23:02","slug":"produkter","status":"publish","type":"page","link":"https:\/\/stolen.berthilson.se\/index.php\/produkter\/","title":{"rendered":"Produkter"},"content":{"rendered":"<div class='flex_column av-brjrk-8b5d39cbea804f2a8ce185490974e8e8 av_one_full  avia-builder-el-0  el_before_av_one_full  avia-builder-el-first  first flex_column_div '   ><style type=\"text\/css\" data-created_by=\"avia_inline_auto\" id=\"style-css-av-l1jbbarn-217ddf2f6a3f7476ff839f5fc4ca9fec\">\n#top .av-special-heading.av-l1jbbarn-217ddf2f6a3f7476ff839f5fc4ca9fec{\npadding-bottom:10px;\n}\nbody .av-special-heading.av-l1jbbarn-217ddf2f6a3f7476ff839f5fc4ca9fec .av-special-heading-tag .heading-char{\nfont-size:25px;\n}\n.av-special-heading.av-l1jbbarn-217ddf2f6a3f7476ff839f5fc4ca9fec .av-subheading{\nfont-size:15px;\n}\n<\/style>\n<div  class='av-special-heading av-l1jbbarn-217ddf2f6a3f7476ff839f5fc4ca9fec av-special-heading-h1 blockquote classic-quote classic-quote-left  avia-builder-el-1  avia-builder-el-no-sibling '><h1 class='av-special-heading-tag'  itemprop=\"headline\"  >Produkter<\/h1><div class='av-subheading av-subheading_below'><p>H\u00e4r nedan ser ni en sammanfattaning av v\u00e5ra produkter<\/p>\n<\/div><div class=\"special-heading-border\"><div class=\"special-heading-inner-border\"><\/div><\/div><\/div><\/div>\n<div class='flex_column av-qtmfc-300d440c165f8a4769fa2f8f9500d6f1 av_one_full  avia-builder-el-2  el_after_av_one_full  el_before_av_one_fourth  first flex_column_div column-top-margin'   ><style type=\"text\/css\" data-created_by=\"avia_inline_auto\" id=\"style-css-av-l1jbkpch-73bff3398c71929e1cf1e185e9ed796f\">\n#top .av-special-heading.av-l1jbkpch-73bff3398c71929e1cf1e185e9ed796f{\npadding-bottom:10px;\n}\nbody .av-special-heading.av-l1jbkpch-73bff3398c71929e1cf1e185e9ed796f .av-special-heading-tag .heading-char{\nfont-size:25px;\n}\n.av-special-heading.av-l1jbkpch-73bff3398c71929e1cf1e185e9ed796f .av-subheading{\nfont-size:15px;\n}\n<\/style>\n<div  class='av-special-heading av-l1jbkpch-73bff3398c71929e1cf1e185e9ed796f av-special-heading-h2 blockquote classic-quote  avia-builder-el-3  avia-builder-el-no-sibling '><h2 class='av-special-heading-tag'  itemprop=\"headline\"  >Leksand Original<\/h2><div class=\"special-heading-border\"><div class=\"special-heading-inner-border\"><\/div><\/div><\/div><\/div>\n<div class='flex_column av-itkts-61a10509c269a9573fd77a276bb58a19 av_one_fourth  avia-builder-el-4  el_after_av_one_full  el_before_av_one_half  first flex_column_div column-top-margin'   ><p>\n<style type=\"text\/css\" data-created_by=\"avia_inline_auto\" id=\"style-css-av-l1jblfta-6c603246087138755ecedb3b3152487c\">\n.avia-image-container.av-l1jblfta-6c603246087138755ecedb3b3152487c .av-image-caption-overlay-center{\ncolor:#ffffff;\n}\n<\/style>\n<div  class='avia-image-container av-l1jblfta-6c603246087138755ecedb3b3152487c av-styling- avia-align-center  avia-builder-el-5  el_before_av_textblock  avia-builder-el-first '  itemprop=\"image\" itemscope=\"itemscope\" itemtype=\"https:\/\/schema.org\/ImageObject\" ><div class=\"avia-image-container-inner\"><div class=\"avia-image-overlay-wrap\"><img decoding=\"async\" class='wp-image-115 avia-img-lazy-loading-not-115 avia_image' src=\"https:\/\/stolen.berthilson.se\/wp-content\/uploads\/2022\/04\/leksand-slata-ben-1.jpg\" alt='' title='leksand-slata-ben'  height=\"712\" width=\"484\"  itemprop=\"thumbnailUrl\" srcset=\"https:\/\/stolen.berthilson.se\/wp-content\/uploads\/2022\/04\/leksand-slata-ben-1.jpg 484w, https:\/\/stolen.berthilson.se\/wp-content\/uploads\/2022\/04\/leksand-slata-ben-1-204x300.jpg 204w, https:\/\/stolen.berthilson.se\/wp-content\/uploads\/2022\/04\/leksand-slata-ben-1-479x705.jpg 479w\" sizes=\"(max-width: 484px) 100vw, 484px\" \/><\/div><\/div><\/div><br \/>\n<section  class='av_textblock_section av-l1jbluln-097f030f5f1a5755144ba7b982d64c48'  itemscope=\"itemscope\" itemtype=\"https:\/\/schema.org\/CreativeWork\" ><div class='avia_textblock'  itemprop=\"text\" ><p style=\"text-align: center;\">Leksand Original med sl\u00e4ta ben.<\/p>\n<\/div><\/section><\/p><\/div>\n<div class='flex_column av-9xn2w-e6c9f733f1807eba5acabc4a8b605239 av_one_half  avia-builder-el-7  el_after_av_one_fourth  el_before_av_one_fourth  flex_column_div column-top-margin'   ><p>\n<style type=\"text\/css\" data-created_by=\"avia_inline_auto\" id=\"style-css-av-6vtdk-7397d9582405e8f6d708de2bffa20625\">\n.avia-image-container.av-6vtdk-7397d9582405e8f6d708de2bffa20625 .av-image-caption-overlay-center{\ncolor:#ffffff;\n}\n<\/style>\n<div  class='avia-image-container av-6vtdk-7397d9582405e8f6d708de2bffa20625 av-styling- avia-align-center  avia-builder-el-8  el_before_av_textblock  avia-builder-el-first '  itemprop=\"image\" itemscope=\"itemscope\" itemtype=\"https:\/\/schema.org\/ImageObject\" ><div class=\"avia-image-container-inner\"><div class=\"avia-image-overlay-wrap\"><img decoding=\"async\" class='wp-image-118 avia-img-lazy-loading-not-118 avia_image' src=\"https:\/\/stolen.berthilson.se\/wp-content\/uploads\/2022\/04\/leksand-grupp.jpg\" alt='' title='leksand-grupp'  height=\"712\" width=\"968\"  itemprop=\"thumbnailUrl\" srcset=\"https:\/\/stolen.berthilson.se\/wp-content\/uploads\/2022\/04\/leksand-grupp.jpg 968w, https:\/\/stolen.berthilson.se\/wp-content\/uploads\/2022\/04\/leksand-grupp-300x221.jpg 300w, https:\/\/stolen.berthilson.se\/wp-content\/uploads\/2022\/04\/leksand-grupp-768x565.jpg 768w, https:\/\/stolen.berthilson.se\/wp-content\/uploads\/2022\/04\/leksand-grupp-705x519.jpg 705w\" sizes=\"(max-width: 968px) 100vw, 968px\" \/><\/div><\/div><\/div><br \/>\n<section  class='av_textblock_section av-l1jbvzxp-d537f05402111a276b8f6adfc4e9cc75'  itemscope=\"itemscope\" itemtype=\"https:\/\/schema.org\/CreativeWork\" ><div class='avia_textblock'  itemprop=\"text\" ><p style=\"text-align: center;\">Gustaviansk pinnstol tillverkad i massiv bj\u00f6rk. G\u00e5r att f\u00e5 om\u00e5lad eller oljad. H\u00e4r med v\u00e5ra bord med spetsformade ben<\/p>\n<\/div><\/section><\/p><\/div>\n<div class='flex_column av-eqlxk-fdba1355d136eaf840246207377895d4 av_one_fourth  avia-builder-el-10  el_after_av_one_half  el_before_av_hr  flex_column_div column-top-margin'   ><p>\n<style type=\"text\/css\" data-created_by=\"avia_inline_auto\" id=\"style-css-av-7nsbk-c31548317108ce7c4808656c6179cbf8\">\n.avia-image-container.av-7nsbk-c31548317108ce7c4808656c6179cbf8 .av-image-caption-overlay-center{\ncolor:#ffffff;\n}\n<\/style>\n<div  class='avia-image-container av-7nsbk-c31548317108ce7c4808656c6179cbf8 av-styling- avia-align-center  avia-builder-el-11  el_before_av_textblock  avia-builder-el-first '  itemprop=\"image\" itemscope=\"itemscope\" itemtype=\"https:\/\/schema.org\/ImageObject\" ><div class=\"avia-image-container-inner\"><div class=\"avia-image-overlay-wrap\"><img decoding=\"async\" class='wp-image-113 avia-img-lazy-loading-not-113 avia_image' src=\"https:\/\/stolen.berthilson.se\/wp-content\/uploads\/2022\/04\/leksand-kannelerade.jpg\" alt='' title='leksand-kannelerade'  height=\"712\" width=\"484\"  itemprop=\"thumbnailUrl\" srcset=\"https:\/\/stolen.berthilson.se\/wp-content\/uploads\/2022\/04\/leksand-kannelerade.jpg 484w, https:\/\/stolen.berthilson.se\/wp-content\/uploads\/2022\/04\/leksand-kannelerade-204x300.jpg 204w, https:\/\/stolen.berthilson.se\/wp-content\/uploads\/2022\/04\/leksand-kannelerade-479x705.jpg 479w\" sizes=\"(max-width: 484px) 100vw, 484px\" \/><\/div><\/div><\/div><br \/>\n<section  class='av_textblock_section av-l1jbm7gd-01b2787586db5694e5f6fdcde2440194'  itemscope=\"itemscope\" itemtype=\"https:\/\/schema.org\/CreativeWork\" ><div class='avia_textblock'  itemprop=\"text\" ><p style=\"text-align: center;\">Leksand Original med kannelerade ben.<\/p>\n<\/div><\/section><\/p><\/div>\n\n<style type=\"text\/css\" data-created_by=\"avia_inline_auto\" id=\"style-css-av-l1jd8da5-e7583a7b30133e961a6be0b03debf599\">\n#top .hr.hr-invisible.av-l1jd8da5-e7583a7b30133e961a6be0b03debf599{\nheight:100px;\n}\n<\/style>\n<div  class='hr av-l1jd8da5-e7583a7b30133e961a6be0b03debf599 hr-invisible  avia-builder-el-13  el_after_av_one_fourth  el_before_av_one_full '><span class='hr-inner '><span class=\"hr-inner-style\"><\/span><\/span><\/div>\n<div class='flex_column av-ze7zs-a5877ebf910c6bb3eef867bdaf429adf av_one_full  avia-builder-el-14  el_after_av_hr  el_before_av_one_fourth  first flex_column_div '   ><style type=\"text\/css\" data-created_by=\"avia_inline_auto\" id=\"style-css-av-l1jc3q6s-f62f5bc43a20ef0b3c29a2e3a89b2879\">\n#top .av-special-heading.av-l1jc3q6s-f62f5bc43a20ef0b3c29a2e3a89b2879{\npadding-bottom:10px;\n}\nbody .av-special-heading.av-l1jc3q6s-f62f5bc43a20ef0b3c29a2e3a89b2879 .av-special-heading-tag .heading-char{\nfont-size:25px;\n}\n.av-special-heading.av-l1jc3q6s-f62f5bc43a20ef0b3c29a2e3a89b2879 .av-subheading{\nfont-size:15px;\n}\n<\/style>\n<div  class='av-special-heading av-l1jc3q6s-f62f5bc43a20ef0b3c29a2e3a89b2879 av-special-heading-h2 blockquote classic-quote  avia-builder-el-15  avia-builder-el-no-sibling '><h2 class='av-special-heading-tag'  itemprop=\"headline\"  >Lundberg<\/h2><div class=\"special-heading-border\"><div class=\"special-heading-inner-border\"><\/div><\/div><\/div><\/div>\n<div class='flex_column av-p20aw-ca458d5e566fc92e847045b0c0df52cd av_one_fourth  avia-builder-el-16  el_after_av_one_full  el_before_av_one_fourth  first flex_column_div column-top-margin'   ><style type=\"text\/css\" data-created_by=\"avia_inline_auto\" id=\"style-css-av-l1jcfhr7-7488862c1780441cceb04a491f9d9f96\">\n.avia-image-container.av-l1jcfhr7-7488862c1780441cceb04a491f9d9f96 .av-image-caption-overlay-center{\ncolor:#ffffff;\n}\n<\/style>\n<div  class='avia-image-container av-l1jcfhr7-7488862c1780441cceb04a491f9d9f96 av-styling- avia-align-center  avia-builder-el-17  avia-builder-el-no-sibling '  itemprop=\"image\" itemscope=\"itemscope\" itemtype=\"https:\/\/schema.org\/ImageObject\" ><div class=\"avia-image-container-inner\"><div class=\"avia-image-overlay-wrap\"><img decoding=\"async\" class='wp-image-123 avia-img-lazy-loading-not-123 avia_image' src=\"https:\/\/stolen.berthilson.se\/wp-content\/uploads\/2022\/04\/lundberg-1.jpg\" alt='' title='lundberg-1'  height=\"736\" width=\"552\"  itemprop=\"thumbnailUrl\" srcset=\"https:\/\/stolen.berthilson.se\/wp-content\/uploads\/2022\/04\/lundberg-1.jpg 552w, https:\/\/stolen.berthilson.se\/wp-content\/uploads\/2022\/04\/lundberg-1-225x300.jpg 225w, https:\/\/stolen.berthilson.se\/wp-content\/uploads\/2022\/04\/lundberg-1-529x705.jpg 529w\" sizes=\"(max-width: 552px) 100vw, 552px\" \/><\/div><\/div><\/div><\/div>\n<div class='flex_column av-jdapc-39256a94814052f392583ac6ae6362ef av_one_fourth  avia-builder-el-18  el_after_av_one_fourth  el_before_av_one_fourth  flex_column_div column-top-margin'   ><style type=\"text\/css\" data-created_by=\"avia_inline_auto\" id=\"style-css-av-l1jcfql1-d94864144941c5a9406c16abee9046cc\">\n.avia-image-container.av-l1jcfql1-d94864144941c5a9406c16abee9046cc .av-image-caption-overlay-center{\ncolor:#ffffff;\n}\n<\/style>\n<div  class='avia-image-container av-l1jcfql1-d94864144941c5a9406c16abee9046cc av-styling- avia-align-center  avia-builder-el-19  avia-builder-el-no-sibling '  itemprop=\"image\" itemscope=\"itemscope\" itemtype=\"https:\/\/schema.org\/ImageObject\" ><div class=\"avia-image-container-inner\"><div class=\"avia-image-overlay-wrap\"><img decoding=\"async\" class='wp-image-124 avia-img-lazy-loading-not-124 avia_image' src=\"https:\/\/stolen.berthilson.se\/wp-content\/uploads\/2022\/04\/lundberg-2.jpg\" alt='' title='lundberg-2'  height=\"736\" width=\"552\"  itemprop=\"thumbnailUrl\" srcset=\"https:\/\/stolen.berthilson.se\/wp-content\/uploads\/2022\/04\/lundberg-2.jpg 552w, https:\/\/stolen.berthilson.se\/wp-content\/uploads\/2022\/04\/lundberg-2-225x300.jpg 225w, https:\/\/stolen.berthilson.se\/wp-content\/uploads\/2022\/04\/lundberg-2-529x705.jpg 529w\" sizes=\"(max-width: 552px) 100vw, 552px\" \/><\/div><\/div><\/div><\/div>\n<div class='flex_column av-drbvc-b22029e18b77f3101b9b23bad168b47c av_one_fourth  avia-builder-el-20  el_after_av_one_fourth  el_before_av_one_fourth  flex_column_div column-top-margin'   ><style type=\"text\/css\" data-created_by=\"avia_inline_auto\" id=\"style-css-av-l1jcg18f-089b449b951eaa7305c94a4abd32aa0a\">\n.avia-image-container.av-l1jcg18f-089b449b951eaa7305c94a4abd32aa0a .av-image-caption-overlay-center{\ncolor:#ffffff;\n}\n<\/style>\n<div  class='avia-image-container av-l1jcg18f-089b449b951eaa7305c94a4abd32aa0a av-styling- avia-align-center  avia-builder-el-21  avia-builder-el-no-sibling '  itemprop=\"image\" itemscope=\"itemscope\" itemtype=\"https:\/\/schema.org\/ImageObject\" ><div class=\"avia-image-container-inner\"><div class=\"avia-image-overlay-wrap\"><img decoding=\"async\" class='wp-image-125 avia-img-lazy-loading-not-125 avia_image' src=\"https:\/\/stolen.berthilson.se\/wp-content\/uploads\/2022\/04\/lundberg-3.jpg\" alt='' title='lundberg-3'  height=\"736\" width=\"552\"  itemprop=\"thumbnailUrl\" srcset=\"https:\/\/stolen.berthilson.se\/wp-content\/uploads\/2022\/04\/lundberg-3.jpg 552w, https:\/\/stolen.berthilson.se\/wp-content\/uploads\/2022\/04\/lundberg-3-225x300.jpg 225w, https:\/\/stolen.berthilson.se\/wp-content\/uploads\/2022\/04\/lundberg-3-529x705.jpg 529w\" sizes=\"(max-width: 552px) 100vw, 552px\" \/><\/div><\/div><\/div><\/div>\n<div class='flex_column av-b3s20-e8ab7274fe9974152b35d7610794d360 av_one_fourth  avia-builder-el-22  el_after_av_one_fourth  el_before_av_hr  flex_column_div column-top-margin'   ><section  class='av_textblock_section av-l1jc5b15-65c8b07b0974fee9f7d22b98e868ebca'  itemscope=\"itemscope\" itemtype=\"https:\/\/schema.org\/CreativeWork\" ><div class='avia_textblock'  itemprop=\"text\" ><p>En av de allra f\u00f6rsta gustavianska modellerna som tillverkades i b\u00f6rjan av 1770-t. F\u00f6rebild \u00e4r en stol tillverkad av stolsm\u00e4staren Melchior Lundberg d.\u00e4. verksam i Sthlm i slutet av 1700-t. Detta \u00e4r den klassiska modellen som initierade den gustavianska epoken i Sverige.<\/p>\n<\/div><\/section><\/div>\n\n<style type=\"text\/css\" data-created_by=\"avia_inline_auto\" id=\"style-css-av-l1jd8ksj-a6c933cdff4804cccfabb0f1f81d9845\">\n#top .hr.hr-invisible.av-l1jd8ksj-a6c933cdff4804cccfabb0f1f81d9845{\nheight:100px;\n}\n<\/style>\n<div  class='hr av-l1jd8ksj-a6c933cdff4804cccfabb0f1f81d9845 hr-invisible  avia-builder-el-24  el_after_av_one_fourth  el_before_av_one_half '><span class='hr-inner '><span class=\"hr-inner-style\"><\/span><\/span><\/div>\n\n<style type=\"text\/css\" data-created_by=\"avia_inline_auto\" id=\"style-css-av-cw89s-1a85503fec8ba6165f7e0c93ff83b67e\">\n.flex_column.av-cw89s-1a85503fec8ba6165f7e0c93ff83b67e{\npadding:20% 0 0 0;\n}\n<\/style>\n<div class='flex_column av-cw89s-1a85503fec8ba6165f7e0c93ff83b67e av_one_half  avia-builder-el-25  el_after_av_hr  el_before_av_one_half  first flex_column_div '   ><style type=\"text\/css\" data-created_by=\"avia_inline_auto\" id=\"style-css-av-l1jci8rf-0f86c5270db01d7f048b60904b8586a8\">\n#top .av-special-heading.av-l1jci8rf-0f86c5270db01d7f048b60904b8586a8{\npadding-bottom:10px;\n}\nbody .av-special-heading.av-l1jci8rf-0f86c5270db01d7f048b60904b8586a8 .av-special-heading-tag .heading-char{\nfont-size:25px;\n}\n.av-special-heading.av-l1jci8rf-0f86c5270db01d7f048b60904b8586a8 .av-subheading{\nfont-size:15px;\n}\n<\/style>\n<div  class='av-special-heading av-l1jci8rf-0f86c5270db01d7f048b60904b8586a8 av-special-heading-h2 blockquote classic-quote  avia-builder-el-26  avia-builder-el-no-sibling '><h2 class='av-special-heading-tag'  itemprop=\"headline\"  >Druvan<\/h2><div class='av-subheading av-subheading_below'><p>Med eller utan bildhuggeri (druva)<\/p>\n<\/div><div class=\"special-heading-border\"><div class=\"special-heading-inner-border\"><\/div><\/div><\/div><\/div>\n<div class='flex_column av-77h4o-53192daa0b8df76fe1c618abc3ad153d av_one_half  avia-builder-el-27  el_after_av_one_half  el_before_av_hr  flex_column_div '   ><style type=\"text\/css\" data-created_by=\"avia_inline_auto\" id=\"style-css-av-l1jcledv-428e203a99d2022fab48619678cf2db2\">\n.avia-image-container.av-l1jcledv-428e203a99d2022fab48619678cf2db2 .av-image-caption-overlay-center{\ncolor:#ffffff;\n}\n<\/style>\n<div  class='avia-image-container av-l1jcledv-428e203a99d2022fab48619678cf2db2 av-styling- avia-align-center  avia-builder-el-28  avia-builder-el-no-sibling '  itemprop=\"image\" itemscope=\"itemscope\" itemtype=\"https:\/\/schema.org\/ImageObject\" ><div class=\"avia-image-container-inner\"><div class=\"avia-image-overlay-wrap\"><img decoding=\"async\" class='wp-image-127 avia-img-lazy-loading-not-127 avia_image' src=\"https:\/\/stolen.berthilson.se\/wp-content\/uploads\/2022\/04\/druvan.png\" alt='' title='druvan'  height=\"960\" width=\"960\"  itemprop=\"thumbnailUrl\" srcset=\"https:\/\/stolen.berthilson.se\/wp-content\/uploads\/2022\/04\/druvan.png 960w, https:\/\/stolen.berthilson.se\/wp-content\/uploads\/2022\/04\/druvan-300x300.png 300w, https:\/\/stolen.berthilson.se\/wp-content\/uploads\/2022\/04\/druvan-80x80.png 80w, https:\/\/stolen.berthilson.se\/wp-content\/uploads\/2022\/04\/druvan-768x768.png 768w, https:\/\/stolen.berthilson.se\/wp-content\/uploads\/2022\/04\/druvan-36x36.png 36w, https:\/\/stolen.berthilson.se\/wp-content\/uploads\/2022\/04\/druvan-180x180.png 180w, https:\/\/stolen.berthilson.se\/wp-content\/uploads\/2022\/04\/druvan-705x705.png 705w\" sizes=\"(max-width: 960px) 100vw, 960px\" \/><\/div><\/div><\/div><\/div>\n\n<style type=\"text\/css\" data-created_by=\"avia_inline_auto\" id=\"style-css-av-dwo00-c311d1ef1261e01dee128f3ad3f797a3\">\n#top .hr.hr-invisible.av-dwo00-c311d1ef1261e01dee128f3ad3f797a3{\nheight:100px;\n}\n<\/style>\n<div  class='hr av-dwo00-c311d1ef1261e01dee128f3ad3f797a3 hr-invisible  avia-builder-el-29  el_after_av_one_half  el_before_av_one_full '><span class='hr-inner '><span class=\"hr-inner-style\"><\/span><\/span><\/div>\n<div class='flex_column av-1lyi0-dac0a4b794bcd2d0a64e333e8cbc4a3e av_one_full  avia-builder-el-30  el_after_av_hr  el_before_av_one_full  first flex_column_div '   ><style type=\"text\/css\" data-created_by=\"avia_inline_auto\" id=\"style-css-av-l1jcozap-8423c7e7c0ecd46d423230f5a0f5d955\">\n#top .av-special-heading.av-l1jcozap-8423c7e7c0ecd46d423230f5a0f5d955{\npadding-bottom:10px;\n}\nbody .av-special-heading.av-l1jcozap-8423c7e7c0ecd46d423230f5a0f5d955 .av-special-heading-tag .heading-char{\nfont-size:25px;\n}\n.av-special-heading.av-l1jcozap-8423c7e7c0ecd46d423230f5a0f5d955 .av-subheading{\nfont-size:15px;\n}\n<\/style>\n<div  class='av-special-heading av-l1jcozap-8423c7e7c0ecd46d423230f5a0f5d955 av-special-heading-h2 blockquote classic-quote  avia-builder-el-31  avia-builder-el-no-sibling '><h2 class='av-special-heading-tag'  itemprop=\"headline\"  >Bellmanstolen<\/h2><div class=\"special-heading-border\"><div class=\"special-heading-inner-border\"><\/div><\/div><\/div><\/div>\n<div class='flex_column av-6ko54-8279ebf4bfc7d90a9bfe7e5a1754b373 av_one_full  avia-builder-el-32  el_after_av_one_full  el_before_av_hr  first flex_column_div column-top-margin'   ><style type=\"text\/css\" data-created_by=\"avia_inline_auto\" id=\"style-css-av-l1jd6wxs-574f6eed38079d174441f47e490f4183\">\n.avia-image-container.av-l1jd6wxs-574f6eed38079d174441f47e490f4183 .av-image-caption-overlay-center{\ncolor:#ffffff;\n}\n<\/style>\n<div  class='avia-image-container av-l1jd6wxs-574f6eed38079d174441f47e490f4183 av-styling- avia-align-center  avia-builder-el-33  avia-builder-el-no-sibling '  itemprop=\"image\" itemscope=\"itemscope\" itemtype=\"https:\/\/schema.org\/ImageObject\" ><div class=\"avia-image-container-inner\"><div class=\"avia-image-overlay-wrap\"><img decoding=\"async\" class='wp-image-132 avia-img-lazy-loading-not-132 avia_image' src=\"https:\/\/stolen.berthilson.se\/wp-content\/uploads\/2022\/04\/bellman-1500x1080.png\" alt='' title='bellman'  height=\"1080\" width=\"1500\"  itemprop=\"thumbnailUrl\" srcset=\"https:\/\/stolen.berthilson.se\/wp-content\/uploads\/2022\/04\/bellman-1500x1080.png 1500w, https:\/\/stolen.berthilson.se\/wp-content\/uploads\/2022\/04\/bellman-300x216.png 300w, https:\/\/stolen.berthilson.se\/wp-content\/uploads\/2022\/04\/bellman-1030x742.png 1030w, https:\/\/stolen.berthilson.se\/wp-content\/uploads\/2022\/04\/bellman-768x553.png 768w, https:\/\/stolen.berthilson.se\/wp-content\/uploads\/2022\/04\/bellman-1536x1106.png 1536w, https:\/\/stolen.berthilson.se\/wp-content\/uploads\/2022\/04\/bellman-705x508.png 705w, https:\/\/stolen.berthilson.se\/wp-content\/uploads\/2022\/04\/bellman.png 2000w\" sizes=\"(max-width: 1500px) 100vw, 1500px\" \/><\/div><\/div><\/div><\/div>\n\n<style type=\"text\/css\" data-created_by=\"avia_inline_auto\" id=\"style-css-av-bmx3k-acad9ed23ffe22c777f24b137bded986\">\n#top .hr.hr-invisible.av-bmx3k-acad9ed23ffe22c777f24b137bded986{\nheight:100px;\n}\n<\/style>\n<div  class='hr av-bmx3k-acad9ed23ffe22c777f24b137bded986 hr-invisible  avia-builder-el-34  el_after_av_one_full  el_before_av_one_full '><span class='hr-inner '><span class=\"hr-inner-style\"><\/span><\/span><\/div>\n<div class='flex_column av-av_one_full-a93934ecd89fbb8a9566d39e89cd3725 av_one_full  avia-builder-el-35  el_after_av_hr  el_before_av_one_third  first flex_column_div '   ><style type=\"text\/css\" data-created_by=\"avia_inline_auto\" id=\"style-css-av-l1jdhp6k-27ad795e351dd87e913734eb1a417655\">\n#top .av-special-heading.av-l1jdhp6k-27ad795e351dd87e913734eb1a417655{\npadding-bottom:10px;\n}\nbody .av-special-heading.av-l1jdhp6k-27ad795e351dd87e913734eb1a417655 .av-special-heading-tag .heading-char{\nfont-size:25px;\n}\n.av-special-heading.av-l1jdhp6k-27ad795e351dd87e913734eb1a417655 .av-subheading{\nfont-size:15px;\n}\n<\/style>\n<div  class='av-special-heading av-l1jdhp6k-27ad795e351dd87e913734eb1a417655 av-special-heading-h2 blockquote classic-quote  avia-builder-el-36  avia-builder-el-no-sibling '><h2 class='av-special-heading-tag'  itemprop=\"headline\"  >Dubbelrosen<\/h2><div class=\"special-heading-border\"><div class=\"special-heading-inner-border\"><\/div><\/div><\/div><\/div><div class='flex_column av-av_one_third-a93934ecd89fbb8a9566d39e89cd3725 av_one_third  avia-builder-el-37  el_after_av_one_full  el_before_av_one_third  first flex_column_div column-top-margin'   ><style type=\"text\/css\" data-created_by=\"avia_inline_auto\" id=\"style-css-av-l1jdi582-7a4b8e4ee2e719465ac85b5a4c214b59\">\n.avia-image-container.av-l1jdi582-7a4b8e4ee2e719465ac85b5a4c214b59 .av-image-caption-overlay-center{\ncolor:#ffffff;\n}\n<\/style>\n<div  class='avia-image-container av-l1jdi582-7a4b8e4ee2e719465ac85b5a4c214b59 av-styling- avia-align-center  avia-builder-el-38  avia-builder-el-no-sibling '  itemprop=\"image\" itemscope=\"itemscope\" itemtype=\"https:\/\/schema.org\/ImageObject\" ><div class=\"avia-image-container-inner\"><div class=\"avia-image-overlay-wrap\"><img decoding=\"async\" class='wp-image-136 avia-img-lazy-loading-not-136 avia_image' src=\"https:\/\/stolen.berthilson.se\/wp-content\/uploads\/2022\/04\/dubbel.jpg\" alt='' title='dubbel'  height=\"736\" width=\"552\"  itemprop=\"thumbnailUrl\" srcset=\"https:\/\/stolen.berthilson.se\/wp-content\/uploads\/2022\/04\/dubbel.jpg 552w, https:\/\/stolen.berthilson.se\/wp-content\/uploads\/2022\/04\/dubbel-225x300.jpg 225w, https:\/\/stolen.berthilson.se\/wp-content\/uploads\/2022\/04\/dubbel-529x705.jpg 529w\" sizes=\"(max-width: 552px) 100vw, 552px\" \/><\/div><\/div><\/div><\/div><div class='flex_column av-av_one_third-d06667205e6186ec8414c6eb7605d406 av_one_third  avia-builder-el-39  el_after_av_one_third  el_before_av_one_third  flex_column_div column-top-margin'   ><style type=\"text\/css\" data-created_by=\"avia_inline_auto\" id=\"style-css-av-l1jdiehh-bc487b18665f25b1b14cea3f43805e6b\">\n.avia-image-container.av-l1jdiehh-bc487b18665f25b1b14cea3f43805e6b .av-image-caption-overlay-center{\ncolor:#ffffff;\n}\n<\/style>\n<div  class='avia-image-container av-l1jdiehh-bc487b18665f25b1b14cea3f43805e6b av-styling- avia-align-center  avia-builder-el-40  avia-builder-el-no-sibling '  itemprop=\"image\" itemscope=\"itemscope\" itemtype=\"https:\/\/schema.org\/ImageObject\" ><div class=\"avia-image-container-inner\"><div class=\"avia-image-overlay-wrap\"><img decoding=\"async\" class='wp-image-137 avia-img-lazy-loading-not-137 avia_image' src=\"https:\/\/stolen.berthilson.se\/wp-content\/uploads\/2022\/04\/dubbel2.jpg\" alt='' title='dubbel2'  height=\"736\" width=\"552\"  itemprop=\"thumbnailUrl\" srcset=\"https:\/\/stolen.berthilson.se\/wp-content\/uploads\/2022\/04\/dubbel2.jpg 552w, https:\/\/stolen.berthilson.se\/wp-content\/uploads\/2022\/04\/dubbel2-225x300.jpg 225w, https:\/\/stolen.berthilson.se\/wp-content\/uploads\/2022\/04\/dubbel2-529x705.jpg 529w\" sizes=\"(max-width: 552px) 100vw, 552px\" \/><\/div><\/div><\/div><\/div><div class='flex_column av-av_one_third-d06667205e6186ec8414c6eb7605d406 av_one_third  avia-builder-el-41  el_after_av_one_third  el_before_av_hr  flex_column_div column-top-margin'   ><section  class='av_textblock_section av-l1jdhl8g-f8228bcde070482a8d62f3d08eab2a81'  itemscope=\"itemscope\" itemtype=\"https:\/\/schema.org\/CreativeWork\" ><div class='avia_textblock'  itemprop=\"text\" ><p>Stol Dubbelrosen har en oval rygg med en balusterformad ryggbricka. Enkel if\u00e4stning av ryggbrickan g\u00f6r att stolen f\u00e5r ett n\u00e5got l\u00e4gra pris \u00e4n stol Enkelblomma.F\u00f6r \u00f6vrigt \u00e4r proportioner och dimensioner detsamma.<\/p>\n<\/div><\/section><\/div>\n<style type=\"text\/css\" data-created_by=\"avia_inline_auto\" id=\"style-css-av-av_hr-5d676c9ed7be3a08936c51c97e75c1ab\">\n#top .hr.hr-invisible.av-av_hr-5d676c9ed7be3a08936c51c97e75c1ab{\nheight:100px;\n}\n<\/style>\n<div  class='hr av-av_hr-5d676c9ed7be3a08936c51c97e75c1ab hr-invisible  avia-builder-el-43  el_after_av_one_third  avia-builder-el-last '><span class='hr-inner '><span class=\"hr-inner-style\"><\/span><\/span><\/div><\/p>\n","protected":false},"excerpt":{"rendered":"","protected":false},"author":1,"featured_media":0,"parent":0,"menu_order":0,"comment_status":"closed","ping_status":"closed","template":"","meta":{"footnotes":""},"class_list":["post-104","page","type-page","status-publish","hentry"],"_links":{"self":[{"href":"https:\/\/stolen.berthilson.se\/index.php\/wp-json\/wp\/v2\/pages\/104","targetHints":{"allow":["GET"]}}],"collection":[{"href":"https:\/\/stolen.berthilson.se\/index.php\/wp-json\/wp\/v2\/pages"}],"about":[{"href":"https:\/\/stolen.berthilson.se\/index.php\/wp-json\/wp\/v2\/types\/page"}],"author":[{"embeddable":true,"href":"https:\/\/stolen.berthilson.se\/index.php\/wp-json\/wp\/v2\/users\/1"}],"replies":[{"embeddable":true,"href":"https:\/\/stolen.berthilson.se\/index.php\/wp-json\/wp\/v2\/comments?post=104"}],"version-history":[{"count":20,"href":"https:\/\/stolen.berthilson.se\/index.php\/wp-json\/wp\/v2\/pages\/104\/revisions"}],"predecessor-version":[{"id":138,"href":"https:\/\/stolen.berthilson.se\/index.php\/wp-json\/wp\/v2\/pages\/104\/revisions\/138"}],"wp:attachment":[{"href":"https:\/\/stolen.berthilson.se\/index.php\/wp-json\/wp\/v2\/media?parent=104"}],"curies":[{"name":"wp","href":"https:\/\/api.w.org\/{rel}","templated":true}]}}